8 + -20. Let g(w) = w**3 - 3*w**2 - 10*w. Let q be g(c). Let t = q - 117. Is t prime?
False
Let n be 1/(1 + -2)*-2. Is 1 - (n - 2) - -48 a composite number?
True
Let f be 3/(-2)*(-4)/6. Let j = f - -9. Let a = 1 + j. Is a a prime number?
True
Let t be (-1021)/(-3) - (-4)/6. Is t - (6 - 4/1) a composite number?
True
Let m be (-306)/7 - (-16)/(-56). Is (-2)/4*m/2 prime?
True
Let o(b) = b**3 + 10*b**2 + 6*b + 12. Let x be o(-9). Let i = -18 + x. Is i prime?
False
Suppose -2*o + 5*w + 10 + 51 = 0, o - 32 = 2*w. Is o a prime number?
False
Suppose 2*v - 5*v - 9 = 0. Let l be (37/(-3))/(v/18). Let w = l + -43. Is w composite?
False
Let a = 8 + -4. Suppose -a*y + 5*t + 12 = 0, -2*t + 10 = 3*y + 1. Suppose -y*k - 638 = -5*p, -5*k + 169 = p + 47. Is p composite?
False
Suppose -8*x = -3*h - 3*x + 4, h - 5*x = -2. Suppose -h*b - 22 = -67. Is b composite?
True
Let u(f) = 2*f**2 - 11*f - 6. Is u(11) a composite number?
True
Let r(m) = m**2 - 16*m + 21. Let f be r(15). Suppose -385 = -f*w + w. Is w a composite number?
True
Let f(c) = -35*c + 8. Let r = -16 - -9. Is f(r) composite?
True
Let a(p) = 5*p**2 - 3. Let q be -3*1*12/9. Is a(q) a composite number?
True
Let n = 2139 + -1354. Is n a composite number?
True
Suppose 5*t = 2*s - 686 + 5127, -2*t = 3*s - 1784. Is t prime?
False
Let r(u) = -2*u - 4*u - u**3 + 3*u**2 - 4 + 2*u**3. Let j be r(-4). Suppose -j*i = 4*y - 248, 3*i - 3*y = -0*i + 168. Is i prime?
True
Let w = -1556 - -2611. Is w a composite number?
True
Suppose 4*g - 11708 = 3*y + 22139, -3*g + 4*y + 25387 = 0. Is g a prime number?
True
Let m(q) = 6*q**2 - 3*q + 11. Is m(12) a prime number?
True
Let a = 887 + -67. Suppose 2*r + 2*r = a. Is r a composite number?
True
Let q(r) = r + 8. Let t be q(-5). Suppose -d - 2*w + t*w = -108, 207 = 2*d - 5*w. Is d a prime number?
False
Suppose 81 = -2*q + 233. Suppose 3*y - q - 11 = 0. Suppose -a = -26 - y. Is a composite?
True
Suppose 2*p + 9 = 3*p. Is (-2)/p + (-2290)/(-18) a prime number?
True
Let g(t) = -2*t**3 - 4*t**2 - 3*t + 4. Suppose 5*d + 3*s + 27 = 0, -3*d + 4*s = -6 - 1. Is g(d) prime?
True
Suppose -307 = 3*w - 1930. Is w a prime number?
True
Suppose 0 = -11*j + 2072 + 755. Is j composite?
False
Suppose 2*d - 1516 = -2*d. Is d prime?
True
Let f(z) = -z**2 - 2*z + 2. Let k be f(-4). Let o be (8/12)/((-2)/k). Is (o/6)/((-4)/(-1788)) composite?
False
Suppose 3*m = -4*w + 43 + 21, 0 = -w + 2*m + 5. Let o be (189 - 1)/(6/15). Suppose 4*g - o = t - w, g = 4*t + 103. Is g prime?
False
Is (20/(-6))/(8/(-2148)) prime?
False
Suppose k = -3*k - 5*h - 84, 0 = -k - 4*h - 21. Suppose -39 = -f - 3*z, 2 + 2 = -4*z. Let q = k + f. Is q a composite number?
True
Suppose -3*p + 7*u + 1399 = 3*u, -3*p + 2*u = -1403. Is p composite?
True
Let u(f) = -f**3 + f**2 + f - 5. Let s be u(0). Let n = s + 5. Is (n + 0)/(-3) - -13 a composite number?
False
Suppose -5*b = 6 - 21. Is 59*(0 - (b - 4)) a prime number?
True
Let r(z) = -z**3 + 3*z**2 + 5*z - 6. Let o be r(4). Is 324/7 - o/(-7) a composite number?
True
Let v(q) = q**2 + 5*q. Let y be v(-5). Suppose -5*j + 5*g + 405 = y, -3*j + g + 236 = 5*g. Suppose 4*h - j = -x, -h - 5*x = -0*h - 39. Is h a prime number?
True
Let b(o) = o + 2 + 3 - 2 + 10*o. Suppose 0 = 3*y - 8*y + 20. Is b(y) a prime number?
True
Is 5/35 + (-18855)/(-21) composite?
True
Let p(r) = -2*r**3 - 4*r**2 - 5*r + 4. Suppose -2*h - 10 = -0*h. Is p(h) prime?
True
Let b(f) = f + 348. Let r be b(0). Suppose 4*a - r = -4*l, 0 = l - 2*a + 7*a - 95. Is l a prime number?
False
Let r = -12 - -17. Suppose 0*n + 10 = -5*n, r*n = -5*a + 520. Is a a composite number?
True
Suppose 272 = 4*a + 4*j, -5*a + 338 = 4*j - j. Let g = a + -20. Is g composite?
False
Let o be (-6171)/(-22) - (-1)/2. Suppose -3*q - 2*q + 495 = 5*u, 3*q - o = 5*u. Is q a prime number?
True
Let b(s) = 43*s**2 + 4*s - 4. Is b(1) a prime number?
True
Let r be (-4062)/(-16) - (-2)/16. Suppose 0*f - 2*f + r = 0. Is f a prime number?
True
Let k(v) = -73*v + 1. Let a = 2 + -3. Is k(a) a prime number?
False
Suppose -4*t - 14 = r, -5*r + t + 3 = 10. Let s be (3/5)/(r/(-10)). Suppose -161 + 50 = -s*b. Is b a prime number?
True
Suppose -145 = -h - 3*c + 51, 0 = -h + 2*c + 221. Is h a composite number?
False
Suppose -12*n + 11*n = -737. Is n a composite number?
True
Let k(h) = -345*h + 7. Is k(-6) composite?
True
Let m = 14 - 9. Suppose 1465 = m*n - 0*n. Is n a composite number?
False
Suppose 0*g = 5*g + 45. Is (-411)/g + (-3)/(-9) a prime number?
False
Suppose -9*l = -6*l - 48. Suppose -18*f + 218 = -l*f. Is f prime?
True
Suppose 0 = -5*k - 35 - 40. Let v = k - -38. Is v composite?
False
Let p(h) = -58*h - 4. Let v be p(3). Let f = 261 + v. Is f a prime number?
True
Is 9/(-36) + 4570/8 a composite number?
False
Suppose -3*u + 510 = -141. Suppose s + u = 2*s. Is s composite?
True
Suppose 2*f + 4*w - 412 = 0, w = 3*f - 3*w - 628. Let o = -139 + f. Is o prime?
False
Is 0 + (679*-4)/(-4) a composite number?
True
Let s = 3 + -9. Let u(k) be the first derivative of k**4/4 + 2*k**3 - k**2 - 2*k + 3. Is u(s) composite?
True
Let s be (0 + -1)*(0 - 0). Suppose -5*w + s*w + 785 = 0. Is w a prime number?
True
Suppose -3*o + 5*o = -6, d = -4*o + 13. Let t = d + 40. Suppose 102 = x + 2*x + 3*p, t = 2*x + 5*p. Is x prime?
False
Let x be 1/(-1) - 44/(-11). Suppose 0 = x*f - 7*f + 1636. Is f a composite number?
False
Let v be (-9)/(-4) - 3/12. Is (79/v)/((-2)/(-4)) composite?
False
Let w = -4 + 8. Let g(k) = 18*k - 1 - 4 + 2. Is g(w) a prime number?
False
Let h = 5 - 3. Let g = 5 - h. Suppose -g*q = 5*a - 121, -q + 0*a - 2*a + 41 = 0. Is q a prime number?
True
Suppose -2*b = 3*x - x - 222, 0 = -4*b + 5*x + 480. Is b a composite number?
True
Suppose -20*z = -1076 - 1784. Is z composite?
True
Let q(p) = -p**3 - 9*p**2 - 9*p - 11. Let y be q(-8). Is 3 + (1 - -2) - y composite?
True
Suppose 0 = -2*g - 3*v + 13, 3*v = 2*g - 4 - 3. Suppose g + 14 = q. Is q composite?
False
Suppose 15 = -h - 9. Let w = h - -45. Let u = 16 + w. Is u prime?
True
Suppose 91 + 217 = 4*n. Is n a prime number?
False
Let u(f) = 11*f**2 - 4*f + 9. Is u(6) a prime number?
False
Suppose 4*t = 7*t - 1461. Is t composite?
False
Let g(v) = 32*v**2 - v. Let t(a) = a + 7. Let f be t(-8). Let p = f + 2. Is g(p) a prime number?
True
Suppose l + 2*l - 11 = -2*y, y - 2*l = 2. Suppose -3*z + 31 = n, 2*z + y*n = z + 14. Is z a composite number?
True
Suppose -7*m = -2*m - 1465. Is m prime?
True
Suppose 2*s = -c + 162, 5*s + 2*c - 314 = 91. Suppose r - 124 = 3*d - d, -2*d + 446 = 4*r. Let b = r - s. Is b composite?
True
Suppose -2*b + 0*b + 4 = 0. Let q be (-825)/(-10) - (-1)/b. Suppose q + 34 = 3*x + 3*y, 0 = -3*x + 5*y + 85. Is x prime?
False
Is ((-6310)/50)/((-2)/10) composite?
False
Let m(a) = -7*a - 2. Let u be m(-2). Suppose 2*t - 3*v - 2*v - u = 0, -5*t - 5 = 5*v. Is (1 - -76) + -1 + t a prime number?
False
Suppose -9*j = 18598 - 49441. Is j a prime number?
False
Let c(l) = l**3 + 8*l**2 + 5*l - 9. Let n be c(-7). Suppose 0 = z - 5*i - 256 - 23, -n*i = 25. Suppose -2*v + 0*v = -z. Is v prime?
True
Suppose -2*i + 18 = -5*c, 0 = 4*i - 0*i + 5*c + 24. Let h be i + 12*14/1. Suppose -2*f = -2 + 4, 3*s - 2*f - h = 0. Is s prime?
False
Let d(k) = -k**2 + k + 89. Suppose -p + 4*g = 16, 3*p + 4*g - 12 = g. Is d(p) composite?
False
Let c(o) = 24*o**3 - o**2 - 2*o - 2. Is c(5) a prime number?
True
Let j be 4 - 2 - (3 - -2). Let x(y) = 0*y**3 + y + 3*y - y**3 - 1. Is x(j) a composite number?
True
Suppose 354 = 7*t - 745. Is t a composite number?
False
Suppose -2*r + 15 = r. Suppose 4*d - v - 32 = 2*v, -r*v = 5*d - 75. Is d a prime number?
True
Let h be 32/14 + 8/(-28). Suppose 4*b = 5*i + 205, -h*b + 2*i + 119 = 5*i. Is b composite?
True
Let z be (2 + -3)/(-2)*-2. Is (z - (-160)/3)*9 composite?
True
Suppose -4*v + 9*v = -270. Let a = 87 + v. Let d = -23 + a. Is d a composite number?
True
Let u(a) be the first derivative of a**4/4 + 7*a**3/3 + a**2/2 + 5*a - 1. Suppose 0 = -4*n + 3*n - 6. Is u(n) composite?
True
Suppose 27 = 5*d + 2*f, 2 = f + f. Let s be 32/d + (-2)/5. Let o(k) = k**3 - 4*k**2 - 9*k + 1. Is o(s) prime?
True
Suppose -3*p + 582 = -p. Is p composite?
True
Suppose -7*b - 4062 = -13*b. Is b composite?
False
Suppose -2*i + 3899 = 625. Is i composite?
False
Suppose -2*m - 33 = -n, 72 = 4*n + 4*m - 0*m. Is n composit